{"id":4475,"date":"2022-07-05T11:43:49","date_gmt":"2022-07-05T11:43:49","guid":{"rendered":"https:\/\/modernsciences.org\/staging\/4414\/?page_id=4475"},"modified":"2022-10-10T02:55:09","modified_gmt":"2022-10-10T02:55:09","slug":"msj-editorial-contributors","status":"publish","type":"page","link":"https:\/\/modernsciences.org\/staging\/4414\/msj-editorial-contributors\/","title":{"rendered":"Editorial Contributors"},"content":{"rendered":"\n<p>Modern Sciences Journal is created with the contribution and input of experts in the field of Applied Sciences.<\/p>\n\n\n\n<figure class=\"wp-block-table\"><table class=\"has-fixed-layout\"><tbody><tr><td><strong>Name<\/strong><\/td><td><strong>Organization \/ Institution<\/strong><\/td><\/tr><tr><td>Tamara Fukalova-Fukalova<\/td><td>Facultad de Ciencias Qu\u00edmicas, Universidad Central del Ecuador<\/td><\/tr><tr><td>Oscar Alfranca-Burriel, Ph.D.<\/td><td>Department of Agri-Food Engineering and Biotechnology (DEAB), Universitat Polit\u00e8cnica de Catalunya<\/td><\/tr><tr><td>Orfelinda Avalo-Cort\u00e9z<\/td><td>Facultad de Ingenier\u00eda Geol\u00f3gica, Minera y Metal\u00fargica, Universidad Nacional de Ingenier\u00eda<\/td><\/tr><tr><td>Beatriz Brito-Grandes<\/td><td>Departamento de Nutricion y Calidad de Alimentos, Instituto Nacional Aut\u00f3nomo de Investigaciones Agropecuarias<\/td><\/tr><tr><td>Tania Novoa-Casanova<\/td><td>Facultad de Ciencias Qu\u00edmicas, Universidad Central del Ecuador<\/td><\/tr><tr><td>Evelyn Sag\u00f1ay<\/td><td>Facultad de Ciencias Qu\u00edmicas, Universidad Central del Ecuador<\/td><\/tr><tr><td>Iv\u00e1n Samaniego-Maigua, Ph.D.<\/td><td>Departamento de Nutricion y Calidad de Alimentos, Instituto Nacional Aut\u00f3nomo de Investigaciones Agropecuarias<\/td><\/tr><tr><td>Marcelo Tac\u00e1n<\/td><td>Instituto Nacional Aut\u00f3nomo de Investigaciones Agropecuarias<\/td><\/tr><tr><td>Iv\u00e1n Tapia-Calvopi\u00f1a<\/td><td>Facultad de Ciencias Qu\u00edmicas, Universidad Central del Ecuador<\/td><\/tr><tr><td>David Pedro Mart\u00ednez-Aguilar<\/td><td>Universidad Nacional de Ingenier\u00eda<\/td><\/tr><\/tbody><\/table><\/figure>\n\n\n\n<p><\/p>\n","protected":false},"excerpt":{"rendered":"Modern Sciences Journal is created with the contribution and input of experts in the field of Applied Sciences.&hellip;\n","protected":false},"author":3,"featured_media":0,"parent":0,"menu_order":0,"comment_status":"closed","ping_status":"closed","template":"","meta":{"nf_dc_page":"","footnotes":""},"class_list":{"0":"post-4475","1":"page","2":"type-page","3":"status-publish","5":"cs-entry","6":"cs-video-wrap"},"aioseo_notices":[],"_links":{"self":[{"href":"https:\/\/modernsciences.org\/staging\/4414\/wp-json\/wp\/v2\/pages\/4475","targetHints":{"allow":["GET"]}}],"collection":[{"href":"https:\/\/modernsciences.org\/staging\/4414\/wp-json\/wp\/v2\/pages"}],"about":[{"href":"https:\/\/modernsciences.org\/staging\/4414\/wp-json\/wp\/v2\/types\/page"}],"author":[{"embeddable":true,"href":"https:\/\/modernsciences.org\/staging\/4414\/wp-json\/wp\/v2\/users\/3"}],"replies":[{"embeddable":true,"href":"https:\/\/modernsciences.org\/staging\/4414\/wp-json\/wp\/v2\/comments?post=4475"}],"version-history":[{"count":3,"href":"https:\/\/modernsciences.org\/staging\/4414\/wp-json\/wp\/v2\/pages\/4475\/revisions"}],"predecessor-version":[{"id":4478,"href":"https:\/\/modernsciences.org\/staging\/4414\/wp-json\/wp\/v2\/pages\/4475\/revisions\/4478"}],"wp:attachment":[{"href":"https:\/\/modernsciences.org\/staging\/4414\/wp-json\/wp\/v2\/media?parent=4475"}],"curies":[{"name":"wp","href":"https:\/\/api.w.org\/{rel}","templated":true}]}}