{"id":11202,"date":"2024-02-01T20:04:11","date_gmt":"2024-02-01T20:04:11","guid":{"rendered":"https:\/\/modernsciences.org\/staging\/4414\/?page_id=11202"},"modified":"2025-01-03T05:57:15","modified_gmt":"2025-01-03T05:57:15","slug":"msj","status":"publish","type":"page","link":"https:\/\/modernsciences.org\/staging\/4414\/our-journals\/msj\/","title":{"rendered":"Modern Sciences Journal"},"content":{"rendered":"\t<div class=\"cnvs-block-section cnvs-block-section-1626361294821 cnvs-block-section-layout-full cnvs-block-section-fullwidth\" >\n\t\t<div class=\"cnvs-block-section-outer\" style=\"\">\n\t\t\t<div class=\"cnvs-block-section-inner\">\n\t\t\t\t\n\n<div class=\"cnvs-block-section-content cnvs-block-section-content-1626361295979\" >\n\t<div class=\"cnvs-block-section-content-inner\">\n\t\t\n\n<div style=\"height:60px\" aria-hidden=\"true\" class=\"wp-block-spacer cnvs-block-core-spacer-1627155188239\"><\/div>\n\n\n\n<div class=\"wp-block-columns is-layout-flex wp-container-core-columns-is-layout-9d6595d7 wp-block-columns-is-layout-flex\">\n<div class=\"wp-block-column is-layout-flow wp-block-column-is-layout-flow\" style=\"flex-basis:30%\">\n<figure class=\"is-style-default wp-block-image size-large cnvs-block-core-image-1628518788440\"><img  loading=\"lazy\"  decoding=\"async\"  width=\"814\"  height=\"1024\"  src=\"data:image\/png;base64,iVBORw0KGgoAAAANSUhEUgAAAAEAAAABAQMAAAAl21bKAAAAA1BMVEUAAP+KeNJXAAAAAXRSTlMAQObYZgAAAAlwSFlzAAAOxAAADsQBlSsOGwAAAApJREFUCNdjYAAAAAIAAeIhvDMAAAAASUVORK5CYII=\"  alt=\"\"  class=\"wp-image-2530 pk-lazyload\"  data-pk-sizes=\"auto\"  data-ls-sizes=\"auto, (max-width: 814px) 100vw, 814px\"  data-pk-src=\"https:\/\/modernsciences.org\/staging\/4414\/staging\/6585\/wp-content\/uploads\/2021\/08\/book_cover_01-814x1024.png\"  data-pk-srcset=\"https:\/\/modernsciences.org\/staging\/4414\/wp-content\/uploads\/2021\/08\/book_cover_01-814x1024.png 814w, https:\/\/modernsciences.org\/staging\/4414\/wp-content\/uploads\/2021\/08\/book_cover_01-239x300.png 239w, https:\/\/modernsciences.org\/staging\/4414\/wp-content\/uploads\/2021\/08\/book_cover_01-768x966.png 768w, https:\/\/modernsciences.org\/staging\/4414\/wp-content\/uploads\/2021\/08\/book_cover_01-380x478.png 380w, https:\/\/modernsciences.org\/staging\/4414\/wp-content\/uploads\/2021\/08\/book_cover_01-800x1006.png 800w, https:\/\/modernsciences.org\/staging\/4414\/wp-content\/uploads\/2021\/08\/book_cover_01-80x101.png 80w, https:\/\/modernsciences.org\/staging\/4414\/wp-content\/uploads\/2021\/08\/book_cover_01-64x80.png 64w, https:\/\/modernsciences.org\/staging\/4414\/wp-content\/uploads\/2021\/08\/book_cover_01-760x956.png 760w, https:\/\/modernsciences.org\/staging\/4414\/wp-content\/uploads\/2021\/08\/book_cover_01-477x600.png 477w, https:\/\/modernsciences.org\/staging\/4414\/wp-content\/uploads\/2021\/08\/book_cover_01.png 1037w\" ><\/figure>\n<\/div>\n\n\n\n<div class=\"wp-block-column is-layout-flow wp-block-column-is-layout-flow\" style=\"flex-basis:70%\">\n<h2 id=\"modern-sciences-journal\" class=\"wp-block-heading cnvs-block-core-heading-1628518012281\">Modern Sciences Journal<\/h2>\n\n\n\n<p class=\"cnvs-block-core-paragraph-1628527316036\">ISSN:<\/p>\n\n\n\n<h4 id=\"2767-7990-online\" class=\"wp-block-heading cnvs-block-core-heading-1628518331432\">2767-7990 (Online)<\/h4>\n\n\n\n<h4 id=\"2767-7982-print\" class=\"wp-block-heading cnvs-block-core-heading-1628527309385\">2767-7982 (Print)<\/h4>\n\n\n\n<p class=\"\">Submission and Inquiries: <a href=\"mailto:journals@modernsciences.org\">journals@modernsciences.org<\/a><\/p>\n\n\n\n<p class=\"\"><strong><a href=\"https:\/\/journals.modernsciences.org\/index.php\/msj\/issue\/view\/3\" target=\"_blank\" rel=\"noopener\">View Articles<\/a><\/strong><\/p>\n\n\n\n<div class=\"wp-block-columns is-layout-flex wp-container-core-columns-is-layout-9d6595d7 wp-block-columns-is-layout-flex\">\n<div class=\"max150 wp-block-column cnvs-block-core-column-1705752510682 is-layout-flow wp-block-column-is-layout-flow\">\n<figure class=\"wp-block-image size-full is-resized\"><img  loading=\"lazy\"  decoding=\"async\"  width=\"1184\"  height=\"501\"  src=\"data:image\/png;base64,iVBORw0KGgoAAAANSUhEUgAAAAEAAAABAQMAAAAl21bKAAAAA1BMVEUAAP+KeNJXAAAAAXRSTlMAQObYZgAAAAlwSFlzAAAOxAAADsQBlSsOGwAAAApJREFUCNdjYAAAAAIAAeIhvDMAAAAASUVORK5CYII=\"  alt=\"\"  class=\"wp-image-11045 pk-lazyload\"  style=\"width:150px\"  data-pk-sizes=\"auto\"  data-ls-sizes=\"auto, (max-width: 1184px) 100vw, 1184px\"  data-pk-src=\"https:\/\/modernsciences.org\/staging\/4414\/wp-content\/uploads\/2024\/01\/core-logo.png\"  data-pk-srcset=\"https:\/\/modernsciences.org\/staging\/4414\/wp-content\/uploads\/2024\/01\/core-logo.png 1184w, https:\/\/modernsciences.org\/staging\/4414\/wp-content\/uploads\/2024\/01\/core-logo-300x127.png 300w, https:\/\/modernsciences.org\/staging\/4414\/wp-content\/uploads\/2024\/01\/core-logo-768x325.png 768w, https:\/\/modernsciences.org\/staging\/4414\/wp-content\/uploads\/2024\/01\/core-logo-1024x433.png 1024w, https:\/\/modernsciences.org\/staging\/4414\/wp-content\/uploads\/2024\/01\/core-logo-380x161.png 380w, https:\/\/modernsciences.org\/staging\/4414\/wp-content\/uploads\/2024\/01\/core-logo-800x339.png 800w, https:\/\/modernsciences.org\/staging\/4414\/wp-content\/uploads\/2024\/01\/core-logo-1160x491.png 1160w, https:\/\/modernsciences.org\/staging\/4414\/wp-content\/uploads\/2024\/01\/core-logo-80x34.png 80w, https:\/\/modernsciences.org\/staging\/4414\/wp-content\/uploads\/2024\/01\/core-logo-760x322.png 760w, https:\/\/modernsciences.org\/staging\/4414\/wp-content\/uploads\/2024\/01\/core-logo-600x254.png 600w\" ><\/figure>\n<\/div>\n\n\n\n<div class=\"max150 wp-block-column is-layout-flow wp-block-column-is-layout-flow\">\n<figure class=\"wp-block-image size-full is-resized\"><img  loading=\"lazy\"  decoding=\"async\"  width=\"200\"  height=\"130\"  src=\"data:image\/png;base64,iVBORw0KGgoAAAANSUhEUgAAAAEAAAABAQMAAAAl21bKAAAAA1BMVEUAAP+KeNJXAAAAAXRSTlMAQObYZgAAAAlwSFlzAAAOxAAADsQBlSsOGwAAAApJREFUCNdjYAAAAAIAAeIhvDMAAAAASUVORK5CYII=\"  alt=\"\"  class=\"wp-image-11046 pk-lazyload\"  style=\"width:97px\"  data-pk-sizes=\"auto\"  data-ls-sizes=\"auto, (max-width: 200px) 100vw, 200px\"  data-pk-src=\"https:\/\/modernsciences.org\/staging\/4414\/wp-content\/uploads\/2024\/01\/crossref-logo-200.webp\"  data-pk-srcset=\"https:\/\/modernsciences.org\/staging\/4414\/wp-content\/uploads\/2024\/01\/crossref-logo-200.webp 200w, https:\/\/modernsciences.org\/staging\/4414\/wp-content\/uploads\/2024\/01\/crossref-logo-200-80x52.webp 80w\" ><\/figure>\n<\/div>\n<\/div>\n<\/div>\n<\/div>\n\n\n\n<div style=\"height:10px\" aria-hidden=\"true\" class=\"wp-block-spacer\"><\/div>\n\n\n\n<div class=\"wp-block-columns is-layout-flex wp-container-core-columns-is-layout-9d6595d7 wp-block-columns-is-layout-flex\">\n<div class=\"wp-block-column is-vertically-aligned-top is-layout-flow wp-block-column-is-layout-flow\"><\/div>\n\n\n\n<div class=\"wp-block-column is-layout-flow wp-block-column-is-layout-flow\"><\/div>\n<\/div>\n\n\n\n<div class=\"wp-block-columns is-layout-flex wp-container-core-columns-is-layout-9d6595d7 wp-block-columns-is-layout-flex\">\n<div class=\"wp-block-column is-layout-flow wp-block-column-is-layout-flow\" style=\"flex-basis:100%\">\n<div class=\"wp-block-columns is-layout-flex wp-container-core-columns-is-layout-9d6595d7 wp-block-columns-is-layout-flex\">\n<div class=\"wp-block-column is-layout-flow wp-block-column-is-layout-flow\" style=\"flex-basis:100%\">\n<h2 id=\"scope\" class=\"wp-block-heading\">Scope<\/h2>\n\n\n\n<p class=\"\">Modern Sciences Journal (MSJ) aims to be a high-impact, open-access journal that ultimately serves as a bridge between the sciences and society. As <strong>cultivators of curiosity<\/strong>, <em>MSJ<\/em> is dedicated to providing scientists a voice in society and, shining the light on recent and exciting scientific findings that aim to improve the quality of human life or to increase the horizons of human knowledge and achievement.<br><\/p>\n\n\n\n<p class=\"\">MSJ recognizes the significant role that the sciences play in our society by welcoming contributions from the medical sciences, environmental sciences, technology and engineering, and the natural sciences. Submissions will be examined for publication based on their originality, credibility and validity, importance, and societal impact.<\/p>\n\n\n\n<p class=\"\"><\/p>\n\n\n\n<p class=\"\">MSJ is indexed in <a href=\"https:\/\/core.ac.uk\/\" title=\"CORE\" target=\"_blank\" rel=\"noopener\">CORE<\/a> and <a href=\"https:\/\/www.crossref.org\/\" title=\"Crossref\" target=\"_blank\" rel=\"noopener\">Crossref<\/a>. <\/p>\n<\/div>\n<\/div>\n<\/div>\n<\/div>\n\n\n\n<div style=\"height:10px\" aria-hidden=\"true\" class=\"wp-block-spacer\"><\/div>\n\n\n\n<h2 id=\"editorial-contributors\" class=\"wp-block-heading\">Editorial Contributors<\/h2>\n\n\n\n<p class=\"\">Modern Sciences Journal is created with the contribution and input of experts in the field of Applied Sciences.<\/p>\n\n\n\n<ul class=\"wp-block-list\">\n<li class=\"\">Tamara Fukalova-Fukalova &#8211; Facultad de Ciencias Qu\u00edmicas, Universidad Central del Ecuador<\/li>\n\n\n\n<li class=\"\">Oscar Alfranca-Burriel, Ph.D. &#8211; Department of Agri-Food Engineering and Biotechnology (DEAB), Universitat Polit\u00e8cnica de Catalunya<\/li>\n\n\n\n<li class=\"\">Orfelinda Avalo-Cort\u00e9z &#8211; Facultad de Ingenier\u00eda Geol\u00f3gica, Minera y Metal\u00fargica, Universidad Nacional de Ingenier\u00eda<\/li>\n<\/ul>\n\n\n\n<p class=\"\"><a href=\"https:\/\/modernsciences.org\/staging\/4414\/msj-editorial-contributors\/\" title=\"Editorial Contributors\">See all contributors<\/a><\/p>\n\n\n\n<p class=\"\"><\/p>\n\n\n\n<div class=\"wp-block-columns is-layout-flex wp-container-core-columns-is-layout-9d6595d7 wp-block-columns-is-layout-flex\">\n<div class=\"wp-block-column is-layout-flow wp-block-column-is-layout-flow\" style=\"flex-basis:50%\">\n<h4 id=\"for-students-and-academics\" class=\"wp-block-heading\">For Students and Academics<\/h4>\n\n\n\n<p class=\"\"><em>MSJ<\/em> serves as a springboard into a vast world of possibilities in the sciences, allowing you and your peers to examine the latest in your fields of interest as well as other emerging topics. By providing access to our vast plethora of articles, <em>MSJ <\/em>hopes to cultivate the seeds of curiosity in each bright mind, giving rise to the future cultivators of modern society.<\/p>\n<\/div>\n\n\n\n<div class=\"wp-block-column is-layout-flow wp-block-column-is-layout-flow\" style=\"flex-basis:50%\">\n<h4 id=\"for-academic-institutions\" class=\"wp-block-heading\">For Academic Institutions<\/h4>\n\n\n\n<p class=\"\">Access to <em>MSJ<\/em> arms institutions with a vast digital library of online articles, allowing members to explore the expansive webs of connected topics in the medical, environmental, engineering, and natural sciences.<\/p>\n<\/div>\n<\/div>\n\n\n\n<div style=\"height:10px\" aria-hidden=\"true\" class=\"wp-block-spacer\"><\/div>\n\n\n\n<h2 id=\"double-blind-peer-review\" class=\"wp-block-heading\">Double-blind Peer Review<\/h2>\n\n\n\n<p class=\"\"><em>MSJ<\/em> is committed to an objective and fair double-blind peer review process. Manuscripts are evaluated solely on their quality and contributions to the literature. The names, affiliations, and details of the authors will be concealed from the reviewers. Likewise, the identities and profiles of the reviewers will not be revealed to the authors. Authors are advised to follow the <em>MSJ<\/em> submission guidelines (<a href=\"#\">linked here<\/a>) to facilitate the double-blind review.<\/p>\n\n\n\n<div style=\"height:10px\" aria-hidden=\"true\" class=\"wp-block-spacer\"><\/div>\n\n\n\n<h2 id=\"ethics-and-publication-malpractice-statement\" class=\"wp-block-heading\">Ethics and Publication Malpractice Statement<\/h2>\n\n\n\n<p class=\"\">It is necessary to agree upon standards of expected ethical behavior for all parties involved in the act of publishing: the author, the journal editor, the peer reviewer, and the publisher. Our ethics statements are based on COPE\u2019s Best Practice Guidelines for Journal Editors. <em>MSJ<\/em>\u2019s complete ethics and publication malpractice statement can be viewed here (<a href=\"https:\/\/modernsciences.org\/staging\/4414\/staging\/6585\/?page_id=2537\" title=\"Ethics and Publication Malpractice\">linked here<\/a>).<\/p>\n\n\n\n<div style=\"height:10px\" aria-hidden=\"true\" class=\"wp-block-spacer\"><\/div>\n\n\n\n<div class=\"wp-block-columns is-layout-flex wp-container-core-columns-is-layout-9d6595d7 wp-block-columns-is-layout-flex\">\n<div class=\"wp-block-column is-layout-flow wp-block-column-is-layout-flow\" style=\"flex-basis:66.66%\">\n<h2 id=\"submission-and-review-process\" class=\"wp-block-heading\">Submission and Review Process<\/h2>\n\n\n\n<ol class=\"wp-block-list\">\n<li class=\"\">To help us streamline the review process, please format the paper according to our guidelines. The guidelines can be found here (<a href=\"https:\/\/docs.google.com\/document\/d\/1_F9TQX7kT6Qh2unnydwQ3M9Pzg5vYZfcO5ItXGAgGDA\/edit#\" target=\"_blank\" rel=\"noreferrer noopener\" title=\"https:\/\/docs.google.com\/document\/d\/1_F9TQX7kT6Qh2unnydwQ3M9Pzg5vYZfcO5ItXGAgGDA\/edit#\">linked here<\/a>).&nbsp;<\/li>\n\n\n\n<li class=\"\">\u200b\u200b\u200b\u200b\u200b\u200bPlease review our <a href=\"https:\/\/nabpress.com\/ethics-and-publication-malpractice\" target=\"_blank\" rel=\"noopener\">Ethics and Publication Malpractice<\/a> statement.<\/li>\n\n\n\n<li class=\"\">Email your paper to <a href=\"mailto:journals@modernsciences.org\">journals@modernsciences.org<\/a>.<\/li>\n\n\n\n<li class=\"\">The initial double-blind review will be completed within 45 days.<\/li>\n\n\n\n<li class=\"\">If revisions are requested, then they must be made within the timeframe specified by the reviewers.<\/li>\n\n\n\n<li class=\"\">If the paper is accepted, then it will be put in production and you will be notified of the approximate publication date.<\/li>\n\n\n\n<li class=\"\">Questions should be addressed to the appropriate Editor.<\/li>\n<\/ol>\n<\/div>\n\n\n\n<div class=\"wp-block-column is-layout-flow wp-block-column-is-layout-flow\" style=\"flex-basis:33.33%\"><\/div>\n<\/div>\n\n\n\n<hr class=\"is-style-wide wp-block-separator has-text-color has-gray-200-color has-css-opacity has-gray-200-background-color has-background cnvs-block-core-separator-1628528761381\"\/>\n\n\n\n<div class=\"wp-block-columns is-layout-flex wp-container-core-columns-is-layout-9d6595d7 wp-block-columns-is-layout-flex\">\n<div class=\"wp-block-column is-layout-flow wp-block-column-is-layout-flow\">\n<h4 id=\"formatting-guidelines\" class=\"wp-block-heading\">Formatting Guidelines<\/h4>\n\n\n\n<p class=\"\">To help us streamline the review process, please format the paper according to our guidelines. The guidelines can be found here<\/p>\n\n\n\n<p class=\"\"><a href=\"https:\/\/docs.google.com\/document\/d\/1_F9TQX7kT6Qh2unnydwQ3M9Pzg5vYZfcO5ItXGAgGDA\/edit#\" target=\"_blank\" rel=\"noreferrer noopener\">Journal Formatting Guidelines<\/a><\/p>\n<\/div>\n\n\n\n<div class=\"wp-block-column is-layout-flow wp-block-column-is-layout-flow\">\n<h4 id=\"modern-sciences-journal-2\" class=\"wp-block-heading\">Modern Sciences Journal<\/h4>\n\n\n\n<p class=\"\">For any inquiry relating to <strong>Modern Sciences Journal<\/strong> please send an email to <a href=\"mailto:journals@modernsciences.org\">journals@modernsciences.org<\/a><\/p>\n<\/div>\n<\/div>\n\n\n\n<div style=\"height:60px\" aria-hidden=\"true\" class=\"wp-block-spacer\"><\/div>\n\n\t<\/div>\n<\/div>\n\n\t\t\t<\/div>\n\t\t<\/div>\n\t<\/div>\n\n\t","protected":false},"excerpt":{"rendered":"","protected":false},"author":408,"featured_media":2519,"parent":2494,"menu_order":0,"comment_status":"closed","ping_status":"closed","template":"template-canvas-fullwidth.php","meta":{"nf_dc_page":"","footnotes":""},"class_list":{"0":"post-11202","1":"page","2":"type-page","3":"status-publish","4":"has-post-thumbnail","6":"cs-entry","7":"cs-video-wrap"},"aioseo_notices":[],"_links":{"self":[{"href":"https:\/\/modernsciences.org\/staging\/4414\/wp-json\/wp\/v2\/pages\/11202","targetHints":{"allow":["GET"]}}],"collection":[{"href":"https:\/\/modernsciences.org\/staging\/4414\/wp-json\/wp\/v2\/pages"}],"about":[{"href":"https:\/\/modernsciences.org\/staging\/4414\/wp-json\/wp\/v2\/types\/page"}],"author":[{"embeddable":true,"href":"https:\/\/modernsciences.org\/staging\/4414\/wp-json\/wp\/v2\/users\/408"}],"replies":[{"embeddable":true,"href":"https:\/\/modernsciences.org\/staging\/4414\/wp-json\/wp\/v2\/comments?post=11202"}],"version-history":[{"count":4,"href":"https:\/\/modernsciences.org\/staging\/4414\/wp-json\/wp\/v2\/pages\/11202\/revisions"}],"predecessor-version":[{"id":13398,"href":"https:\/\/modernsciences.org\/staging\/4414\/wp-json\/wp\/v2\/pages\/11202\/revisions\/13398"}],"up":[{"embeddable":true,"href":"https:\/\/modernsciences.org\/staging\/4414\/wp-json\/wp\/v2\/pages\/2494"}],"wp:featuredmedia":[{"embeddable":true,"href":"https:\/\/modernsciences.org\/staging\/4414\/wp-json\/wp\/v2\/media\/2519"}],"wp:attachment":[{"href":"https:\/\/modernsciences.org\/staging\/4414\/wp-json\/wp\/v2\/media?parent=11202"}],"curies":[{"name":"wp","href":"https:\/\/api.w.org\/{rel}","templated":true}]}}